 the prime factors of 5363.
31, 173
List the prime factors of 5268.
2, 3, 439
What are the prime factors of 5976?
2, 3, 83
List the prime factors of 13454.
2, 7, 31
List the prime factors of 31410.
2, 3, 5, 349
List the prime factors of 19916.
2, 13, 383
What are the prime factors of 4955?
5, 991
List the prime factors of 989.
23, 43
List the prime factors of 8890.
2, 5, 7, 127
What are the prime factors of 3568?
2, 223
What are the prime factors of 5890?
2, 5, 19, 31
What are the prime factors of 2690?
2, 5, 269
What are the prime factors of 2224?
2, 139
What are the prime factors of 63263?
41, 1543
What are the prime factors of 96?
2, 3
What are the prime factors of 116704?
2, 7, 521
What are the prime factors of 103056?
2, 3, 19, 113
List the prime factors of 35906.
2, 13, 1381
List the prime factors of 2736.
2, 3, 19
What are the prime factors of 191?
191
List the prime factors of 14324.
2, 3581
What are the prime factors of 23269?
23269
List the prime factors of 3484.
2, 13, 67
List the prime factors of 35267.
35267
List the prime factors of 25933.
25933
What are the prime factors of 681?
3, 227
What are the prime factors of 18434?
2, 13, 709
List the prime factors of 23570.
2, 5, 2357
What are the prime factors of 4249?
7, 607
What are the prime factors of 70128?
2, 3, 487
List the prime factors of 11979.
3, 11
List the prime factors of 36152.
2, 4519
What are the prime factors of 262?
2, 131
List the prime factors of 25579.
25579
What are the prime factors of 5574?
2, 3, 929
List the prime factors of 2519.
11, 229
List the prime factors of 179.
179
What are the prime factors of 3624?
2, 3, 151
List the prime factors of 50965.
5, 10193
List the prime factors of 1862.
2, 7, 19
List the prime factors of 13588.
2, 43, 79
What are the prime factors of 774?
2, 3, 43
List the prime factors of 27676.
2, 11, 17, 37
List the prime factors of 203.
7, 29
List the prime factors of 14018.
2, 43, 163
List the prime factors of 2930.
2, 5, 293
List the prime factors of 474.
2, 3, 79
List the prime factors of 5013.
3, 557
What are the prime factors of 61656?
2, 3, 7, 367
List the prime factors of 64763.
64763
List the prime factors of 662.
2, 331
List the prime factors of 81282.
2, 3, 19, 23, 31
List the prime factors of 2124.
2, 3, 59
What are the prime factors of 4500?
2, 3, 5
List the prime factors of 7363.
37, 199
List the prime factors of 5624.
2, 19, 37
List the prime factors of 142692.
2, 3, 11, 23, 47
List the prime factors of 390.
2, 3, 5, 13
What are the prime factors of 3026?
2, 17, 89
List the prime factors of 60682.
2, 30341
What are the prime factors of 26966?
2, 97, 139
What are the prime factors of 1865?
5, 373
What are the prime factors of 10137?
3, 31, 109
What are the prime factors of 57930?
2, 3, 5, 1931
List the prime factors of 47800.
2, 5, 239
List the prime factors of 12803.
7, 31, 59
List the prime factors of 15652.
2, 7, 13, 43
List the prime factors of 6419.
7, 131
What are the prime factors of 9490?
2, 5, 13, 73
List the prime factors of 25709.
47, 547
List the prime factors of 65171.
65171
List the prime factors of 85138.
2, 42569
List the prime factors of 150.
2, 3, 5
List the prime factors of 51011.
29, 1759
What are the prime factors of 51176?
2, 6397
What are the prime factors of 558?
2, 3, 31
List the prime factors of 45830.
2, 5, 4583
List the prime factors of 23600.
2, 5, 59
What are the prime factors of 2195?
5, 439
What are the prime factors of 3113?
11, 283
List the prime factors of 2176.
2, 17
What are the prime factors of 2793?
3, 7, 19
What are the prime factors of 63406?
2, 7, 647
What are the prime factors of 5020?
2, 5, 251
List the prime factors of 1624.
2, 7, 29
List the prime factors of 304.
2, 19
List the prime factors of 9169.
53, 173
What are the prime factors of 32856?
2, 3, 37
List the prime factors of 2258.
2, 1129
List the prime factors of 282.
2, 3, 47
What are the prime factors of 455?
5, 7, 13
List the prime factors of 4728.
2, 3, 197
What are the prime factors of 30135?
3, 5, 7, 41
What are the prime factors of 1683?
3, 11, 17
List the prime factors of 2435.
5, 487
What are the prime factors of 26342?
2, 13171
List the prime factors of 777.
3, 7, 37
What are the prime factors of 830?
2, 5, 83
What are the prime factors of 40072?
2, 5009
List the prime factors of 7021.
7, 17, 59
What are the prime factors of 61128?
2, 3, 283
What are the prime factors of 12663?
3, 7, 67
What are the prime factors of 12291?
3, 17, 241
List the prime factors of 5498.
2, 2749
What are the prime factors of 2287?
2287
List the prime factors of 28481.
19, 1499
What are the prime factors of 1164?
2, 3, 97
List the prime factors of 819.
3, 7, 13
What are the prime factors of 977?
977
List the prime factors of 1163.
1163
What are the prime factors of 44495?
5, 11, 809
List the prime factors of 136.
2, 17
List the prime factors of 959.
7, 137
What are the prime factors of 2496?
2, 3, 13
List the prime factors of 80244.
2, 3, 743
List the prime factors of 37.
37
List the prime factors of 907.
907
List the prime factors of 13024.
2, 11, 37
What are the prime factors of 1694?
2, 7, 11
List the prime factors of 23914.
2, 11, 1087
List the prime factors of 44939.
44939
What are the prime factors of 607?
607
What are the prime factors of 83515?
5, 16703
List the prime factors of 81266.
2, 179, 227
What are the prime factors of 822?
2, 3, 137
What are the prime factors of 715?
5, 11, 13
What are the prime factors of 96032?
2, 3001
What are the prime factors of 51721?
51721
What are the prime factors of 4943?
4943
What are the prime factors of 48068?
2, 61, 197
List the prime factors of 14293.
14293
List the prime factors of 1880.
2, 5, 47
List the prime factors of 678.
2, 3, 113
What are the prime factors of 4563?
3, 13
List the prime factors of 3599.
59, 61
What are the prime factors of 10765?
5, 2153
List the prime factors of 1623.
3, 541
List the prime factors of 18413.
18413
List the prime factors of 1198.
2, 599
List the prime factors of 2817.
3, 313
What are the prime factors of 58528?
2, 31, 59
List the prime factors of 1306.
2, 653
List the prime factors of 52082.
2, 26041
List the prime factors of 7090.
2, 5, 709
List the prime factors of 367.
367
What are the prime factors of 717?
3, 239
List the prime factors of 8216.
2, 13, 79
What are the prime factors of 104?
2, 13
List the prime factors of 24258.
2, 3, 13, 311
What are the prime factors of 28853?
11, 43, 61
What are the prime factors of 40263?
3, 13421
What are the prime factors of 776?
2, 97
List the prime factors of 78085.
5, 7, 23, 97
List the prime factors of 1413.
3, 157
List the prime factors of 21262.
2, 10631
List the prime factors of 29502.
2, 3, 11, 149
List the prime factors of 4220.
2, 5, 211
What are the prime factors of 1124?
2, 281
List the prime factors of 36245.
5, 11, 659
What are the prime factors of 2471?
7, 353
What are the prime factors of 6024?
2, 3, 251
List the prime factors of 18761.
73, 257
List the prime factors of 19845.
3, 5, 7
What are the prime factors of 51719?
51719
List the prime factors of 8007.
3, 17, 157
What are the prime factors of 87387?
3, 29129
List the prime factors of 5002.
2, 41, 61
List the prime factors of 21327.
3, 7109
List the prime factors of 12483.
3, 19, 73
What are the prime factors of 1973?
1973
List the prime factors of 35187.
3, 37, 317
What are the prime factors of 3848?
2, 13, 37
What are the prime factors of 10040?
2, 5, 251
List the prime factors of 62873.
62873
List the prime factors of 73843.
7, 11, 137
What are the prime factors of 26758?
2, 17, 787
List the prime factors of 2751.
3, 7, 131
List the prime factors of 3104.
2, 97
What are the prime factors of 85?
5, 17
What are the prime factors of 15670?
2, 5, 1567
What are the prime factors of 210?
2, 3, 5, 7
List the prime factors of 1716.
2, 3, 11, 13
List the prime factors of 88005.
3, 5, 5867
What are the prime factors of 45759?
3, 7, 2179
List the prime factors of 1730.
2, 5, 173
List the prime factors of 9476.
2, 23, 103
List the prime factors of 12888.
2, 3, 179
List the prime factors of 1713.
3, 571
List the prime factors of 4.
2
List the prime factors of 3214.
2, 1607
What are the prime factors of 8700?
2, 3, 5, 29
List the prime factors 